CRAN Package Check Results for Package bayesDP

Last updated on 2022-04-08 01:48:40 CEST.

Flavor Version Tinstall Tcheck Ttotal Status Flags
r-devel-linux-x86_64-debian-clang 1.3.6 60.68 171.22 231.90 OK
r-devel-linux-x86_64-debian-gcc 1.3.6 49.87 126.07 175.94 OK
r-devel-linux-x86_64-fedora-clang 1.3.6 310.23 OK
r-devel-linux-x86_64-fedora-gcc 1.3.6 286.28 OK
r-devel-windows-x86_64-new-UL 1.3.6 69.00 210.00 279.00 OK
r-patched-linux-x86_64 1.3.6 53.94 161.27 215.21 OK
r-release-linux-x86_64 1.3.6 51.44 160.35 211.79 OK
r-release-macos-arm64 1.3.6 NOTE
r-release-macos-x86_64 1.3.6 NOTE
r-release-windows-ix86+x86_64 1.3.6 144.00 237.00 381.00 NOTE
r-oldrel-macos-x86_64 1.3.6 WARN
r-oldrel-windows-ix86+x86_64 1.3.6 144.00 247.00 391.00 NOTE

Check Details

Version: 1.3.6
Check: installed package size
Result: NOTE
     installed size is 5.8Mb
     sub-directories of 1Mb or more:
     doc 2.2Mb
     libs 2.9Mb
Flavors: r-release-macos-arm64, r-release-macos-x86_64, r-release-windows-ix86+x86_64, r-oldrel-macos-x86_64, r-oldrel-windows-ix86+x86_64

Version: 1.3.6
Check: for missing documentation entries
Result: WARN
    Undocumented S4 methods:
     generic 'plot' and siglist 'bdpbinomial,ANY'
     generic 'plot' and siglist 'bdpnormal,ANY'
     generic 'plot' and siglist 'bdpsurvival,ANY'
    All user-level objects in a package (including S4 classes and methods)
    should have documentation entries.
    See chapter ‘Writing R documentation files’ in the ‘Writing R
    Extensions’ manual.
Flavor: r-oldrel-macos-x86_64