CRAN Package Check Results for Package bayMDS

Last updated on 2022-04-08 01:48:40 CEST.

Flavor Version Tinstall Tcheck Ttotal Status Flags
r-devel-linux-x86_64-debian-clang 1.6 36.09 58.56 94.65 OK
r-devel-linux-x86_64-debian-gcc 1.6 31.13 45.09 76.22 OK
r-devel-linux-x86_64-fedora-clang 1.6 132.21 NOTE
r-devel-linux-x86_64-fedora-gcc 1.6 115.64 NOTE
r-devel-windows-x86_64-new-UL 1.6 31.00 104.00 135.00 OK
r-patched-linux-x86_64 1.6 33.37 55.38 88.75 OK
r-release-linux-x86_64 1.6 34.28 54.46 88.74 OK
r-release-macos-arm64 1.6 NOTE
r-release-macos-x86_64 1.6 NOTE
r-release-windows-ix86+x86_64 1.6 84.00 117.00 201.00 OK
r-oldrel-macos-x86_64 1.6 NOTE
r-oldrel-windows-ix86+x86_64 1.6 90.00 114.00 204.00 OK

Check Details

Version: 1.6
Check: dependencies in R code
Result: NOTE
    Namespaces in Imports field not imported from:
     ‘gridExtra’ ‘rgl’
     All declared Imports should be used.
Flavors: r-devel-linux-x86_64-fedora-clang, r-devel-linux-x86_64-fedora-gcc, r-release-macos-arm64, r-release-macos-x86_64, r-oldrel-macos-x86_64