Last updated on 2022-04-08 01:48:40 CEST.
Flavor | Version | Tinstall | Tcheck | Ttotal | Status | Flags |
---|---|---|---|---|---|---|
r-devel-linux-x86_64-debian-clang | 0.2.1 | 9.26 | 85.11 | 94.37 | OK | |
r-devel-linux-x86_64-debian-gcc | 0.2.1 | 7.28 | 62.57 | 69.85 | OK | |
r-devel-linux-x86_64-fedora-clang | 0.2.1 | 114.31 | NOTE | |||
r-devel-linux-x86_64-fedora-gcc | 0.2.1 | 104.91 | NOTE | |||
r-devel-windows-x86_64-new-UL | 0.2.1 | 37.00 | 103.00 | 140.00 | OK | |
r-patched-linux-x86_64 | 0.2.1 | 8.59 | 80.84 | 89.43 | OK | |
r-release-linux-x86_64 | 0.2.1 | 6.25 | 74.39 | 80.64 | OK | |
r-release-macos-arm64 | 0.2.1 | NOTE | ||||
r-release-macos-x86_64 | 0.2.1 | NOTE | ||||
r-release-windows-ix86+x86_64 | 0.2.1 | 21.00 | 92.00 | 113.00 | OK | |
r-oldrel-macos-x86_64 | 0.2.1 | NOTE | ||||
r-oldrel-windows-ix86+x86_64 | 0.2.1 | 21.00 | 95.00 | 116.00 | OK |
Version: 0.2.1
Check: package dependencies
Result: NOTE
Imports includes 21 non-default packages.
Importing from so many packages makes the package vulnerable to any of
them becoming unavailable. Move as many as possible to Suggests and
use conditionally.
Flavor: r-devel-linux-x86_64-fedora-clang
Version: 0.2.1
Check: dependencies in R code
Result: NOTE
Namespaces in Imports field not imported from:
‘Rcpp’ ‘dbplyr’ ‘dotenv’ ‘googleAuthR’ ‘writexl’ ‘xml2’
All declared Imports should be used.
Flavors: r-devel-linux-x86_64-fedora-clang, r-devel-linux-x86_64-fedora-gcc, r-release-macos-arm64, r-release-macos-x86_64, r-oldrel-macos-x86_64
Version: 0.2.1
Check: Rd cross-references
Result: NOTE
Undeclared packages ‘jsonlite’, ‘arrow’ in Rd xrefs
Flavor: r-devel-linux-x86_64-fedora-clang