CRAN Package Check Results for Package bama

Last updated on 2022-04-08 01:48:40 CEST.

Flavor Version Tinstall Tcheck Ttotal Status Flags
r-devel-linux-x86_64-debian-clang 1.2 65.03 49.67 114.70 OK
r-devel-linux-x86_64-debian-gcc 1.2 48.94 38.35 87.29 OK
r-devel-linux-x86_64-fedora-clang 1.2 162.46 OK
r-devel-linux-x86_64-fedora-gcc 1.2 134.33 OK
r-devel-windows-x86_64-new-UL 1.2 50.00 94.00 144.00 OK
r-patched-linux-x86_64 1.2 48.07 47.40 95.47 OK
r-release-linux-x86_64 1.2 57.45 45.86 103.31 OK
r-release-macos-arm64 1.2 NOTE
r-release-macos-x86_64 1.2 NOTE
r-release-windows-ix86+x86_64 1.2 133.00 87.00 220.00 OK
r-oldrel-macos-x86_64 1.2 NOTE
r-oldrel-windows-ix86+x86_64 1.2 132.00 89.00 221.00 OK

Check Details

Version: 1.2
Check: installed package size
Result: NOTE
     installed size is 6.0Mb
     sub-directories of 1Mb or more:
     libs 5.1Mb
Flavors: r-release-macos-arm64, r-release-macos-x86_64, r-oldrel-macos-x86_64