Last updated on 2022-04-08 01:48:40 CEST.
Flavor | Version | Tinstall | Tcheck | Ttotal | Status | Flags |
---|---|---|---|---|---|---|
r-devel-linux-x86_64-debian-clang | 1.0.0 | 39.60 | 347.68 | 387.28 | OK | |
r-devel-linux-x86_64-debian-gcc | 1.0.0 | 32.85 | 251.91 | 284.76 | OK | |
r-devel-linux-x86_64-fedora-clang | 1.0.0 | 478.47 | NOTE | |||
r-devel-linux-x86_64-fedora-gcc | 1.0.0 | 440.52 | OK | |||
r-devel-windows-x86_64-new-UL | 1.0.0 | 72.00 | 355.00 | 427.00 | OK | |
r-patched-linux-x86_64 | 1.0.0 | 41.73 | 328.02 | 369.75 | OK | |
r-release-linux-x86_64 | 1.0.0 | 35.25 | 308.63 | 343.88 | OK | |
r-release-macos-arm64 | 1.0.0 | OK | ||||
r-release-macos-x86_64 | 1.0.0 | ERROR | ||||
r-release-windows-ix86+x86_64 | 1.0.0 | 80.00 | 351.00 | 431.00 | OK | |
r-oldrel-macos-x86_64 | 1.0.0 | ERROR | ||||
r-oldrel-windows-ix86+x86_64 | 1.0.0 | 79.00 | 349.00 | 428.00 | OK |
Version: 1.0.0
Check: Rd cross-references
Result: NOTE
Undeclared package ‘plyr’ in Rd xrefs
Flavor: r-devel-linux-x86_64-fedora-clang
Version: 1.0.0
Check: whether package can be installed
Result: ERROR
Installation failed.
Flavors: r-release-macos-x86_64, r-oldrel-macos-x86_64