Last updated on 2022-04-08 01:48:39 CEST.
Flavor | Version | Tinstall | Tcheck | Ttotal | Status | Flags |
---|---|---|---|---|---|---|
r-devel-linux-x86_64-debian-clang | 3.0.0 | 46.68 | 95.60 | 142.28 | OK | |
r-devel-linux-x86_64-debian-gcc | 3.0.0 | 39.12 | 70.80 | 109.92 | OK | |
r-devel-linux-x86_64-fedora-clang | 3.0.0 | 200.99 | OK | |||
r-devel-linux-x86_64-fedora-gcc | 3.0.0 | 177.21 | OK | |||
r-devel-windows-x86_64-new-UL | 3.0.0 | 56.00 | 133.00 | 189.00 | OK | |
r-patched-linux-x86_64 | 3.0.0 | 42.87 | 89.69 | 132.56 | OK | |
r-release-linux-x86_64 | 3.0.0 | 33.23 | 85.58 | 118.81 | OK | |
r-release-macos-arm64 | 3.0.0 | OK | ||||
r-release-macos-x86_64 | 3.0.0 | OK | ||||
r-release-windows-ix86+x86_64 | 3.0.0 | 107.00 | 138.00 | 245.00 | OK | |
r-oldrel-macos-x86_64 | 3.0.0 | ERROR | ||||
r-oldrel-windows-ix86+x86_64 | 3.0.0 | 107.00 | 9.00 | 116.00 | ERROR |
Version: 3.0.0
Check: package dependencies
Result: ERROR
Package required and available but unsuitable version: ‘parallel’
See section ‘The DESCRIPTION file’ in the ‘Writing R Extensions’
manual.
Flavors: r-oldrel-macos-x86_64, r-oldrel-windows-ix86+x86_64