Last updated on 2022-04-08 01:48:39 CEST.
Flavor | Version | Tinstall | Tcheck | Ttotal | Status | Flags |
---|---|---|---|---|---|---|
r-devel-linux-x86_64-debian-clang | 0.0.2 | 4.25 | 48.54 | 52.79 | NOTE | |
r-devel-linux-x86_64-debian-gcc | 0.0.2 | 3.12 | 38.85 | 41.97 | NOTE | |
r-devel-linux-x86_64-fedora-clang | 0.0.2 | 67.18 | NOTE | |||
r-devel-linux-x86_64-fedora-gcc | 0.0.2 | 56.99 | NOTE | |||
r-devel-windows-x86_64-new-UL | 0.0.2 | 15.00 | 70.00 | 85.00 | NOTE | |
r-patched-linux-x86_64 | 0.0.2 | 3.46 | 47.91 | 51.37 | NOTE | |
r-release-linux-x86_64 | 0.0.2 | 3.85 | 45.94 | 49.79 | NOTE | |
r-release-macos-arm64 | 0.0.2 | NOTE | ||||
r-release-macos-x86_64 | 0.0.2 | NOTE | ||||
r-release-windows-ix86+x86_64 | 0.0.2 | 10.00 | 58.00 | 68.00 | NOTE | |
r-oldrel-macos-x86_64 | 0.0.2 | OK | ||||
r-oldrel-windows-ix86+x86_64 | 0.0.2 | 10.00 | 57.00 | 67.00 | OK |
Version: 0.0.2
Check: LazyData
Result: NOTE
'LazyData' is specified without a 'data' directory
Flavors: r-devel-linux-x86_64-debian-clang, r-devel-linux-x86_64-debian-gcc, r-devel-linux-x86_64-fedora-clang, r-devel-linux-x86_64-fedora-gcc, r-devel-windows-x86_64-new-UL, r-patched-linux-x86_64, r-release-linux-x86_64, r-release-macos-arm64, r-release-macos-x86_64, r-release-windows-ix86+x86_64