Last updated on 2022-04-08 01:48:39 CEST.
Flavor | Version | Tinstall | Tcheck | Ttotal | Status | Flags |
---|---|---|---|---|---|---|
r-devel-linux-x86_64-debian-clang | 1.0.12 | 7.87 | 89.35 | 97.22 | NOTE | |
r-devel-linux-x86_64-debian-gcc | 1.0.12 | 7.06 | 69.25 | 76.31 | NOTE | |
r-devel-linux-x86_64-fedora-clang | 1.0.12 | 126.20 | NOTE | |||
r-devel-linux-x86_64-fedora-gcc | 1.0.12 | 114.29 | NOTE | |||
r-devel-windows-x86_64-new-UL | 1.0.12 | 20.00 | 109.00 | 129.00 | NOTE | |
r-patched-linux-x86_64 | 1.0.12 | 9.48 | 87.29 | 96.77 | NOTE | |
r-release-linux-x86_64 | 1.0.12 | 7.50 | 82.58 | 90.08 | NOTE | |
r-release-macos-arm64 | 1.0.12 | NOTE | ||||
r-release-macos-x86_64 | 1.0.12 | NOTE | ||||
r-release-windows-ix86+x86_64 | 1.0.12 | 19.00 | 103.00 | 122.00 | NOTE | |
r-oldrel-macos-x86_64 | 1.0.12 | OK | ||||
r-oldrel-windows-ix86+x86_64 | 1.0.12 | 20.00 | 99.00 | 119.00 | OK |
Version: 1.0.12
Check: LazyData
Result: NOTE
'LazyData' is specified without a 'data' directory
Flavors: r-devel-linux-x86_64-debian-clang, r-devel-linux-x86_64-debian-gcc, r-devel-linux-x86_64-fedora-clang, r-devel-linux-x86_64-fedora-gcc, r-devel-windows-x86_64-new-UL, r-patched-linux-x86_64, r-release-linux-x86_64, r-release-macos-arm64, r-release-macos-x86_64, r-release-windows-ix86+x86_64
Version: 1.0.12
Check: Rd cross-references
Result: NOTE
Undeclared package ‘tensorflow’ in Rd xrefs
Flavor: r-devel-linux-x86_64-fedora-clang