Last updated on 2022-04-08 01:48:39 CEST.
Flavor | Version | Tinstall | Tcheck | Ttotal | Status | Flags |
---|---|---|---|---|---|---|
r-devel-linux-x86_64-debian-clang | 0.1.0 | 17.48 | 146.66 | 164.14 | OK | |
r-devel-linux-x86_64-debian-gcc | 0.1.0 | 13.31 | 108.24 | 121.55 | OK | |
r-devel-linux-x86_64-fedora-clang | 0.1.0 | 203.33 | NOTE | |||
r-devel-linux-x86_64-fedora-gcc | 0.1.0 | 190.15 | NOTE | |||
r-devel-windows-x86_64-new-UL | 0.1.0 | 24.00 | 158.00 | 182.00 | OK | |
r-patched-linux-x86_64 | 0.1.0 | 16.68 | 137.16 | 153.84 | OK | |
r-release-linux-x86_64 | 0.1.0 | 12.27 | 128.57 | 140.84 | OK | |
r-release-macos-arm64 | 0.1.0 | NOTE | ||||
r-release-macos-x86_64 | 0.1.0 | NOTE | ||||
r-release-windows-ix86+x86_64 | 0.1.0 | 35.00 | 146.00 | 181.00 | OK | |
r-oldrel-macos-x86_64 | 0.1.0 | NOTE | ||||
r-oldrel-windows-ix86+x86_64 | 0.1.0 | 36.00 | 146.00 | 182.00 | OK |
Version: 0.1.0
Check: dependencies in R code
Result: NOTE
Namespaces in Imports field not imported from:
‘Hmisc’ ‘broom’ ‘tibble’ ‘usethis’
All declared Imports should be used.
Flavors: r-devel-linux-x86_64-fedora-clang, r-devel-linux-x86_64-fedora-gcc, r-release-macos-arm64, r-release-macos-x86_64, r-oldrel-macos-x86_64