CRAN Package Check Results for Package autoFRK

Last updated on 2022-04-08 01:48:39 CEST.

Flavor Version Tinstall Tcheck Ttotal Status Flags
r-devel-linux-x86_64-debian-clang 1.4.3 67.84 152.34 220.18 OK
r-devel-linux-x86_64-debian-gcc 1.4.3 54.41 113.93 168.34 OK
r-devel-linux-x86_64-fedora-clang 1.4.3 307.64 NOTE
r-devel-linux-x86_64-fedora-gcc 1.4.3 253.98 OK
r-devel-windows-x86_64-new-UL 1.4.3 71.00 177.00 248.00 OK
r-patched-linux-x86_64 1.4.3 61.73 142.53 204.26 OK
r-release-linux-x86_64 1.4.3 47.96 132.99 180.95 OK
r-release-macos-arm64 1.4.3 NOTE
r-release-macos-x86_64 1.4.3 NOTE
r-release-windows-ix86+x86_64 1.4.3 142.00 214.00 356.00 OK
r-oldrel-macos-x86_64 1.4.3 NOTE
r-oldrel-windows-ix86+x86_64 1.4.3 146.00 201.00 347.00 OK

Check Details

Version: 1.4.3
Check: installed package size
Result: NOTE
     installed size is 15.1Mb
     sub-directories of 1Mb or more:
     libs 14.9Mb
Flavors: r-devel-linux-x86_64-fedora-clang, r-release-macos-arm64, r-release-macos-x86_64, r-oldrel-macos-x86_64