CRAN Package Check Results for Package auk

Last updated on 2022-04-08 01:48:39 CEST.

Flavor Version Tinstall Tcheck Ttotal Status Flags
r-devel-linux-x86_64-debian-clang 0.5.1 5.68 126.91 132.59 OK
r-devel-linux-x86_64-debian-gcc 0.5.1 4.49 96.48 100.97 OK
r-devel-linux-x86_64-fedora-clang 0.5.1 159.08 NOTE
r-devel-linux-x86_64-fedora-gcc 0.5.1 151.63 NOTE
r-devel-windows-x86_64-new-UL 0.5.1 41.00 175.00 216.00 OK
r-patched-linux-x86_64 0.5.1 10.97 121.45 132.42 OK
r-release-linux-x86_64 0.5.1 5.29 119.06 124.35 OK
r-release-macos-arm64 0.5.1 NOTE
r-release-macos-x86_64 0.5.1 NOTE
r-release-windows-ix86+x86_64 0.5.1 13.00 150.00 163.00 OK
r-oldrel-macos-x86_64 0.5.1 NOTE
r-oldrel-windows-ix86+x86_64 0.5.1 12.00 147.00 159.00 OK

Check Details

Version: 0.5.1
Check: dependencies in R code
Result: NOTE
    Namespace in Imports field not imported from: ‘utils’
     All declared Imports should be used.
Flavors: r-devel-linux-x86_64-fedora-clang, r-devel-linux-x86_64-fedora-gcc, r-release-macos-arm64, r-release-macos-x86_64, r-oldrel-macos-x86_64

Version: 0.5.1
Check: data for non-ASCII characters
Result: NOTE
     Note: found 552 marked UTF-8 strings
Flavors: r-devel-linux-x86_64-fedora-clang, r-devel-linux-x86_64-fedora-gcc, r-release-macos-arm64, r-release-macos-x86_64, r-oldrel-macos-x86_64