CRAN Package Check Results for Package attenuation

Last updated on 2022-04-08 01:48:39 CEST.

Flavor Version Tinstall Tcheck Ttotal Status Flags
r-devel-linux-x86_64-debian-clang 1.0.0 2.33 48.36 50.69 NOTE
r-devel-linux-x86_64-debian-gcc 1.0.0 1.92 35.69 37.61 NOTE
r-devel-linux-x86_64-fedora-clang 1.0.0 63.84 NOTE
r-devel-linux-x86_64-fedora-gcc 1.0.0 50.56 NOTE
r-devel-windows-x86_64-new-UL 1.0.0 23.00 57.00 80.00 NOTE
r-patched-linux-x86_64 1.0.0 2.40 46.09 48.49 NOTE
r-release-linux-x86_64 1.0.0 2.40 46.30 48.70 NOTE
r-release-macos-arm64 1.0.0 NOTE
r-release-macos-x86_64 1.0.0 NOTE
r-release-windows-ix86+x86_64 1.0.0 6.00 57.00 63.00 NOTE
r-oldrel-macos-x86_64 1.0.0 OK
r-oldrel-windows-ix86+x86_64 1.0.0 5.00 55.00 60.00 OK

Check Details

Version: 1.0.0
Check: LazyData
Result: NOTE
     'LazyData' is specified without a 'data' directory
Flavors: r-devel-linux-x86_64-debian-clang, r-devel-linux-x86_64-debian-gcc, r-devel-linux-x86_64-fedora-clang, r-devel-linux-x86_64-fedora-gcc, r-devel-windows-x86_64-new-UL, r-patched-linux-x86_64, r-release-linux-x86_64, r-release-macos-arm64, r-release-macos-x86_64, r-release-windows-ix86+x86_64