CRAN Package Check Results for Package ascotraceR

Last updated on 2022-04-08 01:48:39 CEST.

Flavor Version Tinstall Tcheck Ttotal Status Flags
r-devel-linux-x86_64-debian-clang 0.0.1 4.20 130.35 134.55 OK
r-devel-linux-x86_64-debian-gcc 0.0.1 3.29 90.84 94.13 OK
r-devel-linux-x86_64-fedora-clang 0.0.1 150.12 NOTE
r-devel-linux-x86_64-fedora-gcc 0.0.1 132.71 NOTE
r-devel-windows-x86_64-new-UL 0.0.1 36.00 141.00 177.00 OK
r-patched-linux-x86_64 0.0.1 3.20 113.30 116.50 OK
r-release-linux-x86_64 0.0.1 3.73 106.41 110.14 OK
r-release-macos-arm64 0.0.1 NOTE
r-release-macos-x86_64 0.0.1 NOTE
r-release-windows-ix86+x86_64 0.0.1 7.00 123.00 130.00 OK
r-oldrel-macos-x86_64 0.0.1 NOTE
r-oldrel-windows-ix86+x86_64 0.0.1 8.00 129.00 137.00 OK

Check Details

Version: 0.0.1
Check: dependencies in R code
Result: NOTE
    Namespace in Imports field not imported from: ‘purrr’
     All declared Imports should be used.
Flavors: r-devel-linux-x86_64-fedora-clang, r-devel-linux-x86_64-fedora-gcc, r-release-macos-arm64, r-release-macos-x86_64, r-oldrel-macos-x86_64