Last updated on 2022-04-08 01:48:39 CEST.
Flavor | Version | Tinstall | Tcheck | Ttotal | Status | Flags |
---|---|---|---|---|---|---|
r-devel-linux-x86_64-debian-clang | 1.1-0 | 3.53 | 40.31 | 43.84 | NOTE | |
r-devel-linux-x86_64-debian-gcc | 1.1-0 | 2.79 | 31.74 | 34.53 | NOTE | |
r-devel-linux-x86_64-fedora-clang | 1.1-0 | 56.44 | NOTE | |||
r-devel-linux-x86_64-fedora-gcc | 1.1-0 | 42.62 | NOTE | |||
r-devel-windows-x86_64-new-UL | 1.1-0 | 48.00 | 63.00 | 111.00 | NOTE | |
r-patched-linux-x86_64 | 1.1-0 | 3.60 | 39.25 | 42.85 | NOTE | |
r-release-linux-x86_64 | 1.1-0 | 3.14 | 38.78 | 41.92 | NOTE | |
r-release-macos-arm64 | 1.1-0 | NOTE | ||||
r-release-macos-x86_64 | 1.1-0 | NOTE | ||||
r-release-windows-ix86+x86_64 | 1.1-0 | 7.00 | 51.00 | 58.00 | NOTE | |
r-oldrel-macos-x86_64 | 1.1-0 | OK | ||||
r-oldrel-windows-ix86+x86_64 | 1.1-0 | 7.00 | 51.00 | 58.00 | OK |
Version: 1.1-0
Check: LazyData
Result: NOTE
'LazyData' is specified without a 'data' directory
Flavors: r-devel-linux-x86_64-debian-clang, r-devel-linux-x86_64-debian-gcc, r-devel-linux-x86_64-fedora-clang, r-devel-linux-x86_64-fedora-gcc, r-devel-windows-x86_64-new-UL, r-patched-linux-x86_64, r-release-linux-x86_64, r-release-macos-arm64, r-release-macos-x86_64, r-release-windows-ix86+x86_64