Last updated on 2022-04-08 01:48:39 CEST.
Flavor | Version | Tinstall | Tcheck | Ttotal | Status | Flags |
---|---|---|---|---|---|---|
r-devel-linux-x86_64-debian-clang | 0.3.5 | 5.39 | 68.32 | 73.71 | NOTE | |
r-devel-linux-x86_64-debian-gcc | 0.3.5 | 5.27 | 52.80 | 58.07 | NOTE | |
r-devel-linux-x86_64-fedora-clang | 0.3.5 | 89.23 | NOTE | |||
r-devel-linux-x86_64-fedora-gcc | 0.3.5 | 76.05 | NOTE | |||
r-devel-windows-x86_64-new-UL | 0.3.5 | 19.00 | 86.00 | 105.00 | NOTE | |
r-patched-linux-x86_64 | 0.3.5 | 6.77 | 66.11 | 72.88 | NOTE | |
r-release-linux-x86_64 | 0.3.5 | 4.33 | 62.30 | 66.63 | NOTE | |
r-release-macos-arm64 | 0.3.5 | NOTE | ||||
r-release-macos-x86_64 | 0.3.5 | NOTE | ||||
r-release-windows-ix86+x86_64 | 0.3.5 | 14.00 | 76.00 | 90.00 | NOTE | |
r-oldrel-macos-x86_64 | 0.3.5 | OK | ||||
r-oldrel-windows-ix86+x86_64 | 0.3.5 | 15.00 | 75.00 | 90.00 | OK |
Version: 0.3.5
Check: LazyData
Result: NOTE
'LazyData' is specified without a 'data' directory
Flavors: r-devel-linux-x86_64-debian-clang, r-devel-linux-x86_64-debian-gcc, r-devel-linux-x86_64-fedora-clang, r-devel-linux-x86_64-fedora-gcc, r-devel-windows-x86_64-new-UL, r-patched-linux-x86_64, r-release-linux-x86_64, r-release-macos-arm64, r-release-macos-x86_64, r-release-windows-ix86+x86_64