Last updated on 2022-04-08 01:48:39 CEST.
Flavor | Version | Tinstall | Tcheck | Ttotal | Status | Flags |
---|---|---|---|---|---|---|
r-devel-linux-x86_64-debian-clang | 0.2.0 | 4.64 | 39.66 | 44.30 | NOTE | |
r-devel-linux-x86_64-debian-gcc | 0.2.0 | 3.02 | 31.50 | 34.52 | NOTE | |
r-devel-linux-x86_64-fedora-clang | 0.2.0 | 54.28 | NOTE | |||
r-devel-linux-x86_64-fedora-gcc | 0.2.0 | 42.89 | NOTE | |||
r-devel-windows-x86_64-new-UL | 0.2.0 | 88.00 | 67.00 | 155.00 | NOTE | |
r-patched-linux-x86_64 | 0.2.0 | 5.27 | 39.46 | 44.73 | NOTE | |
r-release-linux-x86_64 | 0.2.0 | 3.44 | 37.65 | 41.09 | NOTE | |
r-release-macos-arm64 | 0.2.0 | NOTE | ||||
r-release-macos-x86_64 | 0.2.0 | NOTE | ||||
r-release-windows-ix86+x86_64 | 0.2.0 | 8.00 | 47.00 | 55.00 | NOTE | |
r-oldrel-macos-x86_64 | 0.2.0 | OK | ||||
r-oldrel-windows-ix86+x86_64 | 0.2.0 | 9.00 | 112.00 | 121.00 | OK |
Version: 0.2.0
Check: LazyData
Result: NOTE
'LazyData' is specified without a 'data' directory
Flavors: r-devel-linux-x86_64-debian-clang, r-devel-linux-x86_64-debian-gcc, r-devel-linux-x86_64-fedora-clang, r-devel-linux-x86_64-fedora-gcc, r-devel-windows-x86_64-new-UL, r-patched-linux-x86_64, r-release-linux-x86_64, r-release-macos-arm64, r-release-macos-x86_64, r-release-windows-ix86+x86_64