CRAN Package Check Results for Package apollo

Last updated on 2022-04-08 01:48:39 CEST.

Flavor Version Tinstall Tcheck Ttotal Status Flags
r-devel-linux-x86_64-debian-clang 0.2.7 76.79 235.19 311.98 NOTE
r-devel-linux-x86_64-debian-gcc 0.2.7 63.75 171.86 235.61 NOTE
r-devel-linux-x86_64-fedora-clang 0.2.7 402.21 OK
r-devel-linux-x86_64-fedora-gcc 0.2.7 361.87 OK
r-devel-windows-x86_64-new-UL 0.2.7 91.00 290.00 381.00 OK
r-patched-linux-x86_64 0.2.7 64.71 222.26 286.97 NOTE
r-release-linux-x86_64 0.2.7 67.32 203.73 271.05 NOTE
r-release-macos-arm64 0.2.7 OK
r-release-macos-x86_64 0.2.7 OK
r-release-windows-ix86+x86_64 0.2.7 155.00 259.00 414.00 OK
r-oldrel-macos-x86_64 0.2.7 OK
r-oldrel-windows-ix86+x86_64 0.2.7 153.00 249.00 402.00 OK

Check Details

Version: 0.2.7
Check: R code for possible problems
Result: NOTE
    Found the following calls to attach():
    File 'apollo/R/apollo_attach.R':
     attach(as.list(apollo_beta), warn.conflicts = FALSE)
     attach(database, warn.conflicts = FALSE)
     attach(draws, warn.conflicts = FALSE)
     attach(randcoeff, warn.conflicts = FALSE)
     attach(lcpars, warn.conflicts = FALSE)
    See section 'Good practice' in '?attach'.
Flavors: r-devel-linux-x86_64-debian-clang, r-devel-linux-x86_64-debian-gcc, r-patched-linux-x86_64, r-release-linux-x86_64