CRAN Package Check Results for Package apisensr

Last updated on 2022-04-08 01:48:39 CEST.

Flavor Version Tinstall Tcheck Ttotal Status Flags
r-devel-linux-x86_64-debian-clang 0.3.0 13.80 126.68 140.48 NOTE
r-devel-linux-x86_64-debian-gcc 0.3.0 9.07 92.68 101.75 NOTE
r-devel-linux-x86_64-fedora-clang 0.3.0 173.76 NOTE
r-devel-linux-x86_64-fedora-gcc 0.3.0 155.39 NOTE
r-devel-windows-x86_64-new-UL 0.3.0 22.00 136.00 158.00 NOTE
r-patched-linux-x86_64 0.3.0 12.85 117.57 130.42 NOTE
r-release-linux-x86_64 0.3.0 12.39 112.91 125.30 NOTE
r-release-macos-arm64 0.3.0 NOTE
r-release-macos-x86_64 0.3.0 NOTE
r-release-windows-ix86+x86_64 0.3.0 34.00 150.00 184.00 NOTE
r-oldrel-macos-x86_64 0.3.0 OK
r-oldrel-windows-ix86+x86_64 0.3.0 35.00 142.00 177.00 OK

Check Details

Version: 0.3.0
Check: LazyData
Result: NOTE
     'LazyData' is specified without a 'data' directory
Flavors: r-devel-linux-x86_64-debian-clang, r-devel-linux-x86_64-debian-gcc, r-devel-linux-x86_64-fedora-clang, r-devel-linux-x86_64-fedora-gcc, r-devel-windows-x86_64-new-UL, r-patched-linux-x86_64, r-release-linux-x86_64, r-release-macos-arm64, r-release-macos-x86_64, r-release-windows-ix86+x86_64