Last updated on 2022-04-08 01:48:39 CEST.
Flavor | Version | Tinstall | Tcheck | Ttotal | Status | Flags |
---|---|---|---|---|---|---|
r-devel-linux-x86_64-debian-clang | 1.1.1 | 9.31 | 78.03 | 87.34 | OK | |
r-devel-linux-x86_64-debian-gcc | 1.1.1 | 7.09 | 59.19 | 66.28 | OK | |
r-devel-linux-x86_64-fedora-clang | 1.1.1 | 106.56 | NOTE | |||
r-devel-linux-x86_64-fedora-gcc | 1.1.1 | 90.03 | NOTE | |||
r-devel-windows-x86_64-new-UL | 1.1.1 | 70.00 | 124.00 | 194.00 | OK | |
r-patched-linux-x86_64 | 1.1.1 | 8.99 | 73.75 | 82.74 | OK | |
r-release-linux-x86_64 | 1.1.1 | 5.31 | 70.28 | 75.59 | OK | |
r-release-macos-arm64 | 1.1.1 | NOTE | ||||
r-release-macos-x86_64 | 1.1.1 | NOTE | ||||
r-release-windows-ix86+x86_64 | 1.1.1 | 18.00 | 112.00 | 130.00 | OK | |
r-oldrel-macos-x86_64 | 1.1.1 | NOTE | ||||
r-oldrel-windows-ix86+x86_64 | 1.1.1 | 19.00 | 116.00 | 135.00 | OK |
Version: 1.1.1
Check: dependencies in R code
Result: NOTE
Namespaces in Imports field not imported from:
‘DBI’ ‘dplyr’
All declared Imports should be used.
Flavors: r-devel-linux-x86_64-fedora-clang, r-devel-linux-x86_64-fedora-gcc, r-release-macos-arm64, r-release-macos-x86_64, r-oldrel-macos-x86_64