CRAN Package Check Results for Package amapGeocode

Last updated on 2022-04-08 01:48:39 CEST.

Flavor Version Tinstall Tcheck Ttotal Status Flags
r-devel-linux-x86_64-debian-clang 0.6.0 2.30 39.07 41.37 OK
r-devel-linux-x86_64-debian-gcc 0.6.0 2.11 30.79 32.90 OK
r-devel-linux-x86_64-fedora-clang 0.6.0 52.97 NOTE
r-devel-linux-x86_64-fedora-gcc 0.6.0 40.34 NOTE
r-devel-windows-x86_64-new-UL 0.6.0 39.00 66.00 105.00 OK
r-patched-linux-x86_64 0.6.0 2.50 38.26 40.76 OK
r-release-linux-x86_64 0.6.0 2.42 36.52 38.94 OK
r-release-macos-arm64 0.6.0 NOTE
r-release-macos-x86_64 0.6.0 NOTE
r-release-windows-ix86+x86_64 0.6.0 6.00 48.00 54.00 OK
r-oldrel-macos-x86_64 0.6.0 NOTE
r-oldrel-windows-ix86+x86_64 0.6.0 7.00 46.00 53.00 OK

Check Details

Version: 0.6.0
Check: dependencies in R code
Result: NOTE
    Namespace in Imports field not imported from: ‘jsonlite’
     All declared Imports should be used.
Flavors: r-devel-linux-x86_64-fedora-clang, r-devel-linux-x86_64-fedora-gcc, r-release-macos-arm64, r-release-macos-x86_64, r-oldrel-macos-x86_64