CRAN Package Check Results for Package alphastable

Last updated on 2022-04-08 01:48:39 CEST.

Flavor Version Tinstall Tcheck Ttotal Status Flags
r-devel-linux-x86_64-debian-clang 0.2.1 5.41 49.08 54.49 NOTE
r-devel-linux-x86_64-debian-gcc 0.2.1 4.66 37.10 41.76 NOTE
r-devel-linux-x86_64-fedora-clang 0.2.1 67.71 NOTE
r-devel-linux-x86_64-fedora-gcc 0.2.1 54.16 NOTE
r-devel-windows-x86_64-new-UL 0.2.1 15.00 120.00 135.00 NOTE
r-patched-linux-x86_64 0.2.1 6.00 46.87 52.87 NOTE
r-release-linux-x86_64 0.2.1 4.27 45.52 49.79 NOTE
r-release-macos-arm64 0.2.1 NOTE
r-release-macos-x86_64 0.2.1 NOTE
r-release-windows-ix86+x86_64 0.2.1 12.00 54.00 66.00 NOTE
r-oldrel-macos-x86_64 0.2.1 OK
r-oldrel-windows-ix86+x86_64 0.2.1 10.00 54.00 64.00 OK

Check Details

Version: 0.2.1
Check: LazyData
Result: NOTE
     'LazyData' is specified without a 'data' directory
Flavors: r-devel-linux-x86_64-debian-clang, r-devel-linux-x86_64-debian-gcc, r-devel-linux-x86_64-fedora-clang, r-devel-linux-x86_64-fedora-gcc, r-devel-windows-x86_64-new-UL, r-patched-linux-x86_64, r-release-linux-x86_64, r-release-macos-arm64, r-release-macos-x86_64, r-release-windows-ix86+x86_64