Last updated on 2022-04-08 01:48:39 CEST.
Flavor | Version | Tinstall | Tcheck | Ttotal | Status | Flags |
---|---|---|---|---|---|---|
r-devel-linux-x86_64-debian-clang | 0.4.0 | 8.96 | 161.49 | 170.45 | OK | |
r-devel-linux-x86_64-debian-gcc | 0.4.0 | 7.37 | 119.34 | 126.71 | OK | |
r-devel-linux-x86_64-fedora-clang | 0.4.0 | 217.12 | NOTE | |||
r-devel-linux-x86_64-fedora-gcc | 0.4.0 | 194.10 | NOTE | |||
r-devel-windows-x86_64-new-UL | 0.4.0 | 23.00 | 182.00 | 205.00 | OK | |
r-patched-linux-x86_64 | 0.4.0 | 13.04 | 158.02 | 171.06 | OK | |
r-release-linux-x86_64 | 0.4.0 | 8.62 | 154.81 | 163.43 | OK | |
r-release-macos-arm64 | 0.4.0 | NOTE | ||||
r-release-macos-x86_64 | 0.4.0 | NOTE | ||||
r-release-windows-ix86+x86_64 | 0.4.0 | 18.00 | 178.00 | 196.00 | OK | |
r-oldrel-macos-x86_64 | 0.4.0 | NOTE | ||||
r-oldrel-windows-ix86+x86_64 | 0.4.0 | 19.00 | 177.00 | 196.00 | OK |
Version: 0.4.0
Check: dependencies in R code
Result: NOTE
Namespace in Imports field not imported from: ‘mathjaxr’
All declared Imports should be used.
Flavors: r-devel-linux-x86_64-fedora-clang, r-devel-linux-x86_64-fedora-gcc, r-release-macos-arm64, r-release-macos-x86_64, r-oldrel-macos-x86_64