Last updated on 2022-04-08 01:48:39 CEST.
Flavor | Version | Tinstall | Tcheck | Ttotal | Status | Flags |
---|---|---|---|---|---|---|
r-devel-linux-x86_64-debian-clang | 1.1.1 | 5.26 | 94.13 | 99.39 | OK | |
r-devel-linux-x86_64-debian-gcc | 1.1.1 | 4.62 | 70.78 | 75.40 | OK | |
r-devel-linux-x86_64-fedora-clang | 1.1.1 | 124.93 | OK | |||
r-devel-linux-x86_64-fedora-gcc | 1.1.1 | 105.63 | OK | |||
r-devel-windows-x86_64-new-UL | 1.1.1 | 19.00 | 119.00 | 138.00 | OK | |
r-patched-linux-x86_64 | 1.1.1 | 6.57 | 88.22 | 94.79 | OK | |
r-release-linux-x86_64 | 1.1.1 | 4.56 | 85.84 | 90.40 | OK | |
r-release-macos-arm64 | 1.1.1 | NOTE | ||||
r-release-macos-x86_64 | 1.1.1 | OK | ||||
r-release-windows-ix86+x86_64 | 1.1.1 | 15.00 | 107.00 | 122.00 | OK | |
r-oldrel-macos-x86_64 | 1.1.1 | OK | ||||
r-oldrel-windows-ix86+x86_64 | 1.1.1 | 14.00 | 110.00 | 124.00 | OK |
Version: 1.1.1
Check: package dependencies
Result: NOTE
Package suggested but not available for checking: ‘rjags’
Flavor: r-release-macos-arm64