CRAN Package Check Results for Package adpss

Last updated on 2022-04-08 01:48:39 CEST.

Flavor Version Tinstall Tcheck Ttotal Status Flags
r-devel-linux-x86_64-debian-clang 0.1.1 28.00 52.03 80.03 NOTE
r-devel-linux-x86_64-debian-gcc 0.1.1 23.39 39.13 62.52 NOTE
r-devel-linux-x86_64-fedora-clang 0.1.1 114.46 NOTE
r-devel-linux-x86_64-fedora-gcc 0.1.1 90.89 NOTE
r-devel-windows-x86_64-new-UL 0.1.1 32.00 108.00 140.00 NOTE
r-patched-linux-x86_64 0.1.1 22.79 51.90 74.69 NOTE
r-release-linux-x86_64 0.1.1 24.03 49.36 73.39 NOTE
r-release-macos-arm64 0.1.1 NOTE
r-release-macos-x86_64 0.1.1 NOTE
r-release-windows-ix86+x86_64 0.1.1 66.00 103.00 169.00 NOTE
r-oldrel-macos-x86_64 0.1.1 OK
r-oldrel-windows-ix86+x86_64 0.1.1 66.00 106.00 172.00 OK

Check Details

Version: 0.1.1
Check: LazyData
Result: NOTE
     'LazyData' is specified without a 'data' directory
Flavors: r-devel-linux-x86_64-debian-clang, r-devel-linux-x86_64-debian-gcc, r-devel-linux-x86_64-fedora-clang, r-devel-linux-x86_64-fedora-gcc, r-devel-windows-x86_64-new-UL, r-patched-linux-x86_64, r-release-linux-x86_64, r-release-macos-arm64, r-release-macos-x86_64, r-release-windows-ix86+x86_64