CRAN Package Check Results for Package adnuts

Last updated on 2022-04-08 01:48:39 CEST.

Flavor Version Tinstall Tcheck Ttotal Status Flags
r-devel-linux-x86_64-debian-clang 1.1.2 12.06 123.56 135.62 NOTE
r-devel-linux-x86_64-debian-gcc 1.1.2 10.02 93.92 103.94 NOTE
r-devel-linux-x86_64-fedora-clang 1.1.2 173.93 NOTE
r-devel-linux-x86_64-fedora-gcc 1.1.2 145.79 NOTE
r-devel-windows-x86_64-new-UL 1.1.2 34.00 137.00 171.00 NOTE
r-patched-linux-x86_64 1.1.2 12.26 117.73 129.99 NOTE
r-release-linux-x86_64 1.1.2 7.92 111.27 119.19 NOTE
r-release-macos-arm64 1.1.2 NOTE
r-release-macos-x86_64 1.1.2 NOTE
r-release-windows-ix86+x86_64 1.1.2 26.00 130.00 156.00 NOTE
r-oldrel-macos-x86_64 1.1.2 OK
r-oldrel-windows-ix86+x86_64 1.1.2 26.00 132.00 158.00 OK

Check Details

Version: 1.1.2
Check: LazyData
Result: NOTE
     'LazyData' is specified without a 'data' directory
Flavors: r-devel-linux-x86_64-debian-clang, r-devel-linux-x86_64-debian-gcc, r-devel-linux-x86_64-fedora-clang, r-devel-linux-x86_64-fedora-gcc, r-devel-windows-x86_64-new-UL, r-patched-linux-x86_64, r-release-linux-x86_64, r-release-macos-arm64, r-release-macos-x86_64, r-release-windows-ix86+x86_64