CRAN Package Check Results for Package adjclust

Last updated on 2022-04-08 01:48:39 CEST.

Flavor Version Tinstall Tcheck Ttotal Status Flags
r-devel-linux-x86_64-debian-clang 0.6.4 42.64 180.69 223.33 OK
r-devel-linux-x86_64-debian-gcc 0.6.4 36.76 128.05 164.81 OK
r-devel-linux-x86_64-fedora-clang 0.6.4 285.64 OK
r-devel-linux-x86_64-fedora-gcc 0.6.4 268.11 OK
r-devel-windows-x86_64-new-UL 0.6.4 54.00 272.00 326.00 OK
r-patched-linux-x86_64 0.6.4 44.62 164.79 209.41 OK
r-release-linux-x86_64 0.6.4 41.73 161.14 202.87 OK
r-release-macos-arm64 0.6.4 NOTE
r-release-macos-x86_64 0.6.4 NOTE
r-release-windows-ix86+x86_64 0.6.3 105.00 264.00 369.00 ERROR
r-oldrel-macos-x86_64 0.6.4 ERROR
r-oldrel-windows-ix86+x86_64 0.6.4 106.00 267.00 373.00 NOTE

Check Details

Version: 0.6.4
Check: installed package size
Result: NOTE
     installed size is 5.7Mb
     sub-directories of 1Mb or more:
     doc 2.7Mb
     libs 2.5Mb
Flavors: r-release-macos-arm64, r-release-macos-x86_64, r-oldrel-windows-ix86+x86_64

Version: 0.6.4
Check: package dependencies
Result: NOTE
    Package suggested but not available for checking: ‘HiTC’
Flavor: r-release-macos-x86_64

Version: 0.6.3
Check: installed package size
Result: NOTE
     installed size is 6.5Mb
     sub-directories of 1Mb or more:
     doc 3.6Mb
     libs 2.4Mb
Flavor: r-release-windows-ix86+x86_64

Version: 0.6.3
Check: running tests for arch ‘i386’
Result: ERROR
     Running 'testthat.R' [32s]
    Running the tests in 'tests/testthat.R' failed.
    Complete output:
     > library("testthat")
     > library("adjclust")
     >
     > test_check("adjclust")
     [ FAIL 2 | WARN 0 | SKIP 3 | PASS 104 ]
    
     == Skipped tests ===============================================================
     * No NA value: nothing to test here! (3)
    
     == Failed tests ================================================================
     -- Failure (test_ascendingCompatibility.R:34:3): snpClust gives results identical to those of adjclust 0.3.0 --
     diag(ld.ceph) not identical to rep(0, p).
     names for target but not for current
     -- Failure (test_snpClust.R:39:3): 'snpClust' gives identical results regardless of data input format --
     diag(ld.ceph) not identical to rep(0, p).
     names for target but not for current
    
     [ FAIL 2 | WARN 0 | SKIP 3 | PASS 104 ]
     Error: Test failures
     Execution halted
Flavor: r-release-windows-ix86+x86_64

Version: 0.6.3
Check: running tests for arch ‘x64’
Result: ERROR
     Running 'testthat.R' [33s]
    Running the tests in 'tests/testthat.R' failed.
    Complete output:
     > library("testthat")
     > library("adjclust")
     >
     > test_check("adjclust")
     [ FAIL 2 | WARN 0 | SKIP 3 | PASS 104 ]
    
     == Skipped tests ===============================================================
     * No NA value: nothing to test here! (3)
    
     == Failed tests ================================================================
     -- Failure (test_ascendingCompatibility.R:34:3): snpClust gives results identical to those of adjclust 0.3.0 --
     diag(ld.ceph) not identical to rep(0, p).
     names for target but not for current
     -- Failure (test_snpClust.R:39:3): 'snpClust' gives identical results regardless of data input format --
     diag(ld.ceph) not identical to rep(0, p).
     names for target but not for current
    
     [ FAIL 2 | WARN 0 | SKIP 3 | PASS 104 ]
     Error: Test failures
     Execution halted
Flavor: r-release-windows-ix86+x86_64

Version: 0.6.4
Check: package dependencies
Result: ERROR
    Package required but not available: ‘sparseMatrixStats’
    
    Package suggested but not available for checking: ‘HiTC’
    
    See section ‘The DESCRIPTION file’ in the ‘Writing R Extensions’
    manual.
Flavor: r-oldrel-macos-x86_64