Last updated on 2022-04-08 01:48:39 CEST.
Flavor | Version | Tinstall | Tcheck | Ttotal | Status | Flags |
---|---|---|---|---|---|---|
r-devel-linux-x86_64-debian-clang | 1.1 | 3.07 | 50.83 | 53.90 | NOTE | |
r-devel-linux-x86_64-debian-gcc | 1.1 | 2.96 | 39.37 | 42.33 | NOTE | |
r-devel-linux-x86_64-fedora-clang | 1.1 | 68.44 | NOTE | |||
r-devel-linux-x86_64-fedora-gcc | 1.1 | 53.52 | NOTE | |||
r-devel-windows-x86_64-new-UL | 1.1 | 10.00 | 77.00 | 87.00 | OK | |
r-patched-linux-x86_64 | 1.1 | 2.32 | 48.84 | 51.16 | NOTE | |
r-release-linux-x86_64 | 1.1 | 2.24 | 47.05 | 49.29 | NOTE | |
r-release-macos-arm64 | 1.1 | OK | ||||
r-release-macos-x86_64 | 1.1 | OK | ||||
r-release-windows-ix86+x86_64 | 1.1 | 7.00 | 63.00 | 70.00 | OK | |
r-oldrel-macos-x86_64 | 1.1 | OK | ||||
r-oldrel-windows-ix86+x86_64 | 1.1 | 8.00 | 59.00 | 67.00 | OK |
Version: 1.1
Check: for non-standard things in the check directory
Result: NOTE
Found the following files/directories:
'Bestmatches.csv' 'ID.csv' 'listsp.csv' 'mylabels.csv'
Flavors: r-devel-linux-x86_64-debian-clang, r-devel-linux-x86_64-debian-gcc, r-devel-linux-x86_64-fedora-clang, r-devel-linux-x86_64-fedora-gcc, r-patched-linux-x86_64, r-release-linux-x86_64