Last updated on 2022-04-08 01:48:39 CEST.
Flavor | Version | Tinstall | Tcheck | Ttotal | Status | Flags |
---|---|---|---|---|---|---|
r-devel-linux-x86_64-debian-clang | 1.0.1 | 3.38 | 38.47 | 41.85 | NOTE | |
r-devel-linux-x86_64-debian-gcc | 1.0.1 | 3.30 | 30.08 | 33.38 | NOTE | |
r-devel-linux-x86_64-fedora-clang | 1.0.1 | 53.18 | NOTE | |||
r-devel-linux-x86_64-fedora-gcc | 1.0.1 | 38.61 | NOTE | |||
r-devel-windows-x86_64-new-UL | 1.0.1 | 44.00 | 62.00 | 106.00 | NOTE | |
r-patched-linux-x86_64 | 1.0.1 | 4.34 | 36.51 | 40.85 | NOTE | |
r-release-linux-x86_64 | 1.0.1 | 3.84 | 36.21 | 40.05 | NOTE | |
r-release-macos-arm64 | 1.0.1 | NOTE | ||||
r-release-macos-x86_64 | 1.0.1 | NOTE | ||||
r-release-windows-ix86+x86_64 | 1.0.1 | 8.00 | 44.00 | 52.00 | NOTE | |
r-oldrel-macos-x86_64 | 1.0.1 | NOTE | ||||
r-oldrel-windows-ix86+x86_64 | 1.0.1 | 9.00 | 45.00 | 54.00 | NOTE |
Version: 1.0.1
Check: LazyData
Result: NOTE
'LazyData' is specified without a 'data' directory
Flavors: r-devel-linux-x86_64-debian-clang, r-devel-linux-x86_64-debian-gcc, r-devel-linux-x86_64-fedora-clang, r-devel-linux-x86_64-fedora-gcc, r-devel-windows-x86_64-new-UL, r-patched-linux-x86_64, r-release-linux-x86_64, r-release-macos-arm64, r-release-macos-x86_64, r-release-windows-ix86+x86_64
Version: 1.0.1
Check: installed package size
Result: NOTE
installed size is 11.7Mb
sub-directories of 1Mb or more:
htmlwidgets 11.6Mb
Flavors: r-devel-linux-x86_64-fedora-clang, r-devel-windows-x86_64-new-UL, r-release-macos-arm64, r-release-macos-x86_64, r-release-windows-ix86+x86_64, r-oldrel-macos-x86_64, r-oldrel-windows-ix86+x86_64