CRAN Package Check Results for Package abodOutlier

Last updated on 2022-04-08 01:48:39 CEST.

Flavor Version Tinstall Tcheck Ttotal Status Flags
r-devel-linux-x86_64-debian-clang 0.1 1.93 31.88 33.81 NOTE
r-devel-linux-x86_64-debian-gcc 0.1 1.55 24.84 26.39 NOTE
r-devel-linux-x86_64-fedora-clang 0.1 43.46 NOTE
r-devel-linux-x86_64-fedora-gcc 0.1 30.12 NOTE
r-devel-windows-x86_64-new-UL 0.1 14.00 47.00 61.00 NOTE
r-patched-linux-x86_64 0.1 1.84 31.20 33.04 NOTE
r-release-linux-x86_64 0.1 1.85 30.52 32.37 NOTE
r-release-macos-arm64 0.1 NOTE
r-release-macos-x86_64 0.1 NOTE
r-release-windows-ix86+x86_64 0.1 5.00 36.00 41.00 NOTE
r-oldrel-macos-x86_64 0.1 OK
r-oldrel-windows-ix86+x86_64 0.1 5.00 40.00 45.00 OK

Check Details

Version: 0.1
Check: LazyData
Result: NOTE
     'LazyData' is specified without a 'data' directory
Flavors: r-devel-linux-x86_64-debian-clang, r-devel-linux-x86_64-debian-gcc, r-devel-linux-x86_64-fedora-clang, r-devel-linux-x86_64-fedora-gcc, r-devel-windows-x86_64-new-UL, r-patched-linux-x86_64, r-release-linux-x86_64, r-release-macos-arm64, r-release-macos-x86_64, r-release-windows-ix86+x86_64