CRAN Package Check Results for Package abcrf

Last updated on 2022-04-08 01:48:39 CEST.

Flavor Version Tinstall Tcheck Ttotal Status Flags
r-devel-linux-x86_64-debian-clang 1.8.1 78.53 113.15 191.68 NOTE
r-devel-linux-x86_64-debian-gcc 1.8.1 66.29 82.57 148.86 NOTE
r-devel-linux-x86_64-fedora-clang 1.8.1 272.79 NOTE
r-devel-linux-x86_64-fedora-gcc 1.8.1 246.80 NOTE
r-devel-windows-x86_64-new-UL 1.8.1 74.00 253.00 327.00 OK
r-patched-linux-x86_64 1.8.1 80.41 106.65 187.06 OK
r-release-linux-x86_64 1.8.1 55.61 96.92 152.53 OK
r-release-macos-arm64 1.8.1 NOTE
r-release-macos-x86_64 1.8.1 NOTE
r-release-windows-ix86+x86_64 1.8.1 189.00 170.00 359.00 NOTE
r-oldrel-macos-x86_64 1.8.1 NOTE
r-oldrel-windows-ix86+x86_64 1.8.1 188.00 172.00 360.00 NOTE

Check Details

Version: 1.8.1
Check: Rd files
Result: NOTE
    checkRd: (7) file 'err.abcrf.Rd': \item in \value must have non-empty label
    checkRd: (7) file 'err.regAbcrf.Rd': \item in \value must have non-empty label
Flavors: r-devel-linux-x86_64-debian-clang, r-devel-linux-x86_64-debian-gcc, r-devel-linux-x86_64-fedora-clang, r-devel-linux-x86_64-fedora-gcc

Version: 1.8.1
Check: installed package size
Result: NOTE
     installed size is 5.7Mb
     sub-directories of 1Mb or more:
     data 2.6Mb
     libs 2.9Mb
Flavors: r-release-macos-arm64, r-release-macos-x86_64, r-release-windows-ix86+x86_64, r-oldrel-macos-x86_64, r-oldrel-windows-ix86+x86_64