Last updated on 2022-04-08 01:49:02 CEST.
Flavor | Version | Tinstall | Tcheck | Ttotal | Status | Flags |
---|---|---|---|---|---|---|
r-devel-linux-x86_64-debian-clang | 1.7-9 | 8.70 | 47.14 | 55.84 | OK | |
r-devel-linux-x86_64-debian-gcc | 1.7-9 | 6.58 | 36.25 | 42.83 | OK | |
r-devel-linux-x86_64-fedora-clang | 1.7-9 | 71.05 | NOTE | |||
r-devel-linux-x86_64-fedora-gcc | 1.7-9 | 55.64 | OK | |||
r-devel-windows-x86_64-new-UL | 1.7-9 | 25.00 | 78.00 | 103.00 | OK | |
r-patched-linux-x86_64 | 1.7-9 | 8.12 | 44.83 | 52.95 | OK | |
r-release-linux-x86_64 | 1.7-9 | 7.63 | 44.48 | 52.11 | OK | |
r-release-macos-arm64 | 1.7-9 | OK | ||||
r-release-macos-x86_64 | 1.7-9 | OK | ||||
r-release-windows-ix86+x86_64 | 1.7-9 | 18.00 | 72.00 | 90.00 | OK | |
r-oldrel-macos-x86_64 | 1.7-9 | OK | ||||
r-oldrel-windows-ix86+x86_64 | 1.7-9 | 18.00 | 71.00 | 89.00 | OK |
Version: 1.7-9
Check: Rd cross-references
Result: NOTE
Undeclared package ‘slam’ in Rd xrefs
Flavor: r-devel-linux-x86_64-fedora-clang