CRAN Package Check Results for Package WaveSampling

Last updated on 2022-04-08 01:49:02 CEST.

Flavor Version Tinstall Tcheck Ttotal Status Flags
r-devel-linux-x86_64-debian-clang 0.1.1 121.41 100.65 222.06 NOTE
r-devel-linux-x86_64-debian-gcc 0.1.1 112.55 74.98 187.53 NOTE
r-devel-linux-x86_64-fedora-clang 0.1.1 339.88 NOTE
r-devel-linux-x86_64-fedora-gcc 0.1.1 293.29 NOTE
r-devel-windows-x86_64-new-UL 0.1.1 120.00 286.00 406.00 NOTE
r-patched-linux-x86_64 0.1.1 107.86 95.59 203.45 NOTE
r-release-linux-x86_64 0.1.1 122.81 87.41 210.22 NOTE
r-release-macos-arm64 0.1.1 NOTE
r-release-macos-x86_64 0.1.1 NOTE
r-release-windows-ix86+x86_64 0.1.1 325.00 137.00 462.00 NOTE
r-oldrel-macos-x86_64 0.1.1 NOTE
r-oldrel-windows-ix86+x86_64 0.1.1 324.00 141.00 465.00 OK

Check Details

Version: 0.1.1
Check: LazyData
Result: NOTE
     'LazyData' is specified without a 'data' directory
Flavors: r-devel-linux-x86_64-debian-clang, r-devel-linux-x86_64-debian-gcc, r-devel-linux-x86_64-fedora-clang, r-devel-linux-x86_64-fedora-gcc, r-devel-windows-x86_64-new-UL, r-patched-linux-x86_64, r-release-linux-x86_64, r-release-macos-arm64, r-release-macos-x86_64, r-release-windows-ix86+x86_64

Version: 0.1.1
Check: installed package size
Result: NOTE
     installed size is 6.0Mb
     sub-directories of 1Mb or more:
     libs 5.8Mb
Flavors: r-release-macos-arm64, r-release-macos-x86_64, r-oldrel-macos-x86_64