CRAN Package Check Results for Package WRI

Last updated on 2022-04-08 01:49:02 CEST.

Flavor Version Tinstall Tcheck Ttotal Status Flags
r-devel-linux-x86_64-debian-clang 0.1.0 55.06 107.76 162.82 OK
r-devel-linux-x86_64-debian-gcc 0.1.0 47.08 80.02 127.10 OK
r-devel-linux-x86_64-fedora-clang 0.1.0 226.92 NOTE
r-devel-linux-x86_64-fedora-gcc 0.1.0 191.11 NOTE
r-devel-windows-x86_64-new-UL 0.1.0 56.00 320.00 376.00 OK
r-patched-linux-x86_64 0.1.0 45.64 102.41 148.05 OK
r-release-linux-x86_64 0.1.0 47.19 97.59 144.78 OK
r-release-macos-arm64 0.1.0 NOTE
r-release-macos-x86_64 0.1.0 NOTE
r-release-windows-ix86+x86_64 0.1.0 143.00 165.00 308.00 OK
r-oldrel-macos-x86_64 0.1.0 NOTE
r-oldrel-windows-ix86+x86_64 0.1.0 142.00 178.00 320.00 OK

Check Details

Version: 0.1.0
Check: dependencies in R code
Result: NOTE
    Namespaces in Imports field not imported from:
     ‘fdadensity’ ‘locfit’ ‘locpol’ ‘modeest’
     All declared Imports should be used.
Flavors: r-devel-linux-x86_64-fedora-clang, r-devel-linux-x86_64-fedora-gcc, r-release-macos-arm64, r-release-macos-x86_64, r-oldrel-macos-x86_64