CRAN Package Check Results for Package VineCopula

Last updated on 2022-04-08 01:49:02 CEST.

Flavor Version Tinstall Tcheck Ttotal Status Flags
r-devel-linux-x86_64-debian-clang 2.4.3 33.95 157.06 191.01 OK
r-devel-linux-x86_64-debian-gcc 2.4.3 28.24 114.08 142.32 OK
r-devel-linux-x86_64-fedora-clang 2.4.3 233.44 NOTE
r-devel-linux-x86_64-fedora-gcc 2.4.3 216.70 OK
r-devel-windows-x86_64-new-UL 2.4.3 190.00 181.00 371.00 OK
r-patched-linux-x86_64 2.4.3 31.76 149.94 181.70 OK
r-release-linux-x86_64 2.4.3 30.82 149.51 180.33 OK
r-release-macos-arm64 2.4.3 OK
r-release-macos-x86_64 2.4.3 OK
r-release-windows-ix86+x86_64 2.4.3 75.00 252.00 327.00 OK
r-oldrel-macos-x86_64 2.4.3 OK
r-oldrel-windows-ix86+x86_64 2.4.3 76.00 258.00 334.00 OK

Check Details

Version: 2.4.3
Check: Rd cross-references
Result: NOTE
    Undeclared packages ‘foreach’, ‘copula’ in Rd xrefs
Flavor: r-devel-linux-x86_64-fedora-clang