CRAN Package Check Results for Package VeryLargeIntegers

Last updated on 2022-04-08 01:49:02 CEST.

Flavor Version Tinstall Tcheck Ttotal Status Flags
r-devel-linux-x86_64-debian-clang 0.1.8 25.64 63.43 89.07 WARN
r-devel-linux-x86_64-debian-gcc 0.1.8 22.28 47.98 70.26 NOTE
r-devel-linux-x86_64-fedora-clang 0.1.8 123.58 WARN
r-devel-linux-x86_64-fedora-gcc 0.1.8 101.90 NOTE
r-devel-windows-x86_64-new-UL 0.1.8 217.00 96.00 313.00 NOTE
r-patched-linux-x86_64 0.1.8 23.49 61.21 84.70 NOTE
r-release-linux-x86_64 0.1.8 22.26 59.82 82.08 NOTE
r-release-macos-arm64 0.1.8 NOTE
r-release-macos-x86_64 0.1.8 NOTE
r-release-windows-ix86+x86_64 0.1.8 58.00 115.00 173.00 NOTE
r-oldrel-macos-x86_64 0.1.8 OK
r-oldrel-windows-ix86+x86_64 0.1.8 57.00 106.00 163.00 OK

Additional issues

clang14

Check Details

Version: 0.1.8
Check: whether package can be installed
Result: WARN
    Found the following significant warnings:
     vliC.cpp:539:7: warning: use of bitwise '&' with boolean operands [-Wbitwise-instead-of-logical]
Flavors: r-devel-linux-x86_64-debian-clang, r-devel-linux-x86_64-fedora-clang

Version: 0.1.8
Check: LazyData
Result: NOTE
     'LazyData' is specified without a 'data' directory
Flavors: r-devel-linux-x86_64-debian-clang, r-devel-linux-x86_64-debian-gcc, r-devel-linux-x86_64-fedora-clang, r-devel-linux-x86_64-fedora-gcc, r-devel-windows-x86_64-new-UL, r-patched-linux-x86_64, r-release-linux-x86_64, r-release-macos-arm64, r-release-macos-x86_64, r-release-windows-ix86+x86_64