CRAN Package Check Results for Package VertexSimilarity

Last updated on 2022-04-08 01:49:02 CEST.

Flavor Version Tinstall Tcheck Ttotal Status Flags
r-devel-linux-x86_64-debian-clang 0.1 1.47 29.12 30.59 NOTE
r-devel-linux-x86_64-debian-gcc 0.1 1.62 22.91 24.53 NOTE
r-devel-linux-x86_64-fedora-clang 0.1 40.09 NOTE
r-devel-linux-x86_64-fedora-gcc 0.1 26.59 NOTE
r-devel-windows-x86_64-new-UL 0.1 30.00 46.00 76.00 NOTE
r-patched-linux-x86_64 0.1 1.55 28.24 29.79 NOTE
r-release-linux-x86_64 0.1 1.90 27.80 29.70 NOTE
r-release-macos-arm64 0.1 NOTE
r-release-macos-x86_64 0.1 NOTE
r-release-windows-ix86+x86_64 0.1 5.00 33.00 38.00 NOTE
r-oldrel-macos-x86_64 0.1 OK
r-oldrel-windows-ix86+x86_64 0.1 5.00 34.00 39.00 OK

Check Details

Version: 0.1
Check: LazyData
Result: NOTE
     'LazyData' is specified without a 'data' directory
Flavors: r-devel-linux-x86_64-debian-clang, r-devel-linux-x86_64-debian-gcc, r-devel-linux-x86_64-fedora-clang, r-devel-linux-x86_64-fedora-gcc, r-devel-windows-x86_64-new-UL, r-patched-linux-x86_64, r-release-linux-x86_64, r-release-macos-arm64, r-release-macos-x86_64, r-release-windows-ix86+x86_64