CRAN Package Check Results for Package VWPre

Last updated on 2022-04-08 01:49:02 CEST.

Flavor Version Tinstall Tcheck Ttotal Status Flags
r-devel-linux-x86_64-debian-clang 1.2.4 12.84 130.66 143.50 OK
r-devel-linux-x86_64-debian-gcc 1.2.4 9.11 94.45 103.56 OK
r-devel-linux-x86_64-fedora-clang 1.2.4 172.05 NOTE
r-devel-linux-x86_64-fedora-gcc 1.2.4 151.46 OK
r-devel-windows-x86_64-new-UL 1.2.4 34.00 148.00 182.00 OK
r-patched-linux-x86_64 1.2.4 8.09 121.37 129.46 OK
r-release-linux-x86_64 1.2.4 7.39 120.19 127.58 OK
r-release-macos-arm64 1.2.4 OK
r-release-macos-x86_64 1.2.4 OK
r-release-windows-ix86+x86_64 1.2.4 22.00 141.00 163.00 OK
r-oldrel-macos-x86_64 1.2.4 OK
r-oldrel-windows-ix86+x86_64 1.2.4 23.00 142.00 165.00 OK

Check Details

Version: 1.2.4
Check: Rd cross-references
Result: NOTE
    Undeclared package ‘tibble’ in Rd xrefs
Flavor: r-devel-linux-x86_64-fedora-clang