CRAN Package Check Results for Package VARtests

Last updated on 2022-04-08 01:49:02 CEST.

Flavor Version Tinstall Tcheck Ttotal Status Flags
r-devel-linux-x86_64-debian-clang 2.0.5 110.25 55.85 166.10 OK
r-devel-linux-x86_64-debian-gcc 2.0.5 89.80 42.92 132.72 OK
r-devel-linux-x86_64-fedora-clang 2.0.5 243.84 NOTE
r-devel-linux-x86_64-fedora-gcc 2.0.5 201.48 OK
r-devel-windows-x86_64-new-UL 2.0.5 88.00 205.00 293.00 OK
r-patched-linux-x86_64 2.0.5 88.39 52.97 141.36 OK
r-release-linux-x86_64 2.0.5 88.29 53.13 141.42 OK
r-release-macos-arm64 2.0.5 NOTE
r-release-macos-x86_64 2.0.5 NOTE
r-release-windows-ix86+x86_64 2.0.5 251.00 93.00 344.00 OK
r-oldrel-macos-x86_64 2.0.5 NOTE
r-oldrel-windows-ix86+x86_64 2.0.5 252.00 92.00 344.00 OK

Check Details

Version: 2.0.5
Check: Rd cross-references
Result: NOTE
    Undeclared package ‘vars’ in Rd xrefs
Flavor: r-devel-linux-x86_64-fedora-clang

Version: 2.0.5
Check: installed package size
Result: NOTE
     installed size is 7.4Mb
     sub-directories of 1Mb or more:
     libs 7.1Mb
Flavors: r-release-macos-arm64, r-release-macos-x86_64, r-oldrel-macos-x86_64