Last updated on 2022-04-08 01:49:02 CEST.
Flavor | Version | Tinstall | Tcheck | Ttotal | Status | Flags |
---|---|---|---|---|---|---|
r-devel-linux-x86_64-debian-clang | 2.1 | 5.05 | 63.98 | 69.03 | OK | |
r-devel-linux-x86_64-debian-gcc | 2.1 | 4.17 | 52.32 | 56.49 | NOTE | |
r-devel-linux-x86_64-fedora-clang | 2.1 | 93.08 | NOTE | |||
r-devel-linux-x86_64-fedora-gcc | 2.1 | 79.45 | NOTE | |||
r-devel-windows-x86_64-new-UL | 2.1 | 17.00 | 144.00 | 161.00 | OK | |
r-patched-linux-x86_64 | 2.1 | 5.11 | 67.38 | 72.49 | NOTE | |
r-release-linux-x86_64 | 2.1 | 4.90 | 64.93 | 69.83 | NOTE | |
r-release-macos-arm64 | 1.9 | OK | ||||
r-release-macos-x86_64 | 2.1 | OK | ||||
r-release-windows-ix86+x86_64 | 1.9 | 9.00 | 67.00 | 76.00 | OK | |
r-oldrel-macos-x86_64 | 2.1 | OK | ||||
r-oldrel-windows-ix86+x86_64 | 2.1 | 9.00 | 73.00 | 82.00 | OK |
Version: 2.1
Check: package dependencies
Result: NOTE
Package suggested but not available for checking: ‘REdaS’
Flavors: r-devel-linux-x86_64-debian-gcc, r-devel-linux-x86_64-fedora-clang, r-devel-linux-x86_64-fedora-gcc, r-patched-linux-x86_64, r-release-linux-x86_64
Version: 2.1
Check: Rd cross-references
Result: NOTE
Unknown package ‘REdaS’ in Rd xrefs
Flavors: r-devel-linux-x86_64-debian-gcc, r-devel-linux-x86_64-fedora-gcc, r-patched-linux-x86_64, r-release-linux-x86_64
Version: 2.1
Check: Rd cross-references
Result: NOTE
Undeclared package ‘candisc’ in Rd xrefs
Unknown package ‘REdaS’ in Rd xrefs
Flavor: r-devel-linux-x86_64-fedora-clang