Last updated on 2022-04-08 01:49:02 CEST.
Flavor | Version | Tinstall | Tcheck | Ttotal | Status | Flags |
---|---|---|---|---|---|---|
r-devel-linux-x86_64-debian-clang | 1.1.0 | 45.23 | 403.16 | 448.39 | OK | |
r-devel-linux-x86_64-debian-gcc | 1.1.0 | 39.19 | 295.91 | 335.10 | OK | |
r-devel-linux-x86_64-fedora-clang | 1.1.0 | 552.48 | NOTE | |||
r-devel-linux-x86_64-fedora-gcc | 1.1.0 | 558.91 | OK | |||
r-devel-windows-x86_64-new-UL | 1.1.0 | 157.00 | 397.00 | 554.00 | NOTE | |
r-patched-linux-x86_64 | 1.1.0 | 41.26 | 382.12 | 423.38 | OK | |
r-release-linux-x86_64 | 1.1.0 | 37.52 | 346.25 | 383.77 | OK | |
r-release-macos-arm64 | 1.1.0 | NOTE | ||||
r-release-macos-x86_64 | 1.1.0 | NOTE | ||||
r-release-windows-ix86+x86_64 | 1.1.0 | 84.00 | 378.00 | 462.00 | NOTE | |
r-oldrel-macos-x86_64 | 1.1.0 | NOTE | ||||
r-oldrel-windows-ix86+x86_64 | 1.1.0 | 90.00 | 387.00 | 477.00 | NOTE |
Version: 1.1.0
Check: installed package size
Result: NOTE
installed size is 9.5Mb
sub-directories of 1Mb or more:
extdata 8.7Mb
Flavors: r-devel-linux-x86_64-fedora-clang, r-devel-windows-x86_64-new-UL, r-release-macos-arm64, r-release-macos-x86_64, r-release-windows-ix86+x86_64, r-oldrel-macos-x86_64, r-oldrel-windows-ix86+x86_64