Last updated on 2022-04-08 01:49:02 CEST.
Flavor | Version | Tinstall | Tcheck | Ttotal | Status | Flags |
---|---|---|---|---|---|---|
r-devel-linux-x86_64-debian-clang | 0.1.1 | 16.15 | 42.72 | 58.87 | OK | |
r-devel-linux-x86_64-debian-gcc | 0.1.1 | 14.43 | 34.45 | 48.88 | OK | |
r-devel-linux-x86_64-fedora-clang | 0.1.1 | 78.52 | NOTE | |||
r-devel-linux-x86_64-fedora-gcc | 0.1.1 | 65.59 | NOTE | |||
r-devel-windows-x86_64-new-UL | 0.1.1 | 34.00 | 64.00 | 98.00 | OK | |
r-patched-linux-x86_64 | 0.1.1 | 15.96 | 41.50 | 57.46 | OK | |
r-release-linux-x86_64 | 0.1.1 | 15.07 | 41.08 | 56.15 | OK | |
r-release-macos-arm64 | 0.1.1 | NOTE | ||||
r-release-macos-x86_64 | 0.1.1 | NOTE | ||||
r-release-windows-ix86+x86_64 | 0.1.1 | 25.00 | 53.00 | 78.00 | OK | |
r-oldrel-macos-x86_64 | 0.1.1 | NOTE | ||||
r-oldrel-windows-ix86+x86_64 | 0.1.1 | 24.00 | 52.00 | 76.00 | OK |
Version: 0.1.1
Check: data for non-ASCII characters
Result: NOTE
Note: found 33 marked UTF-8 strings
Flavors: r-devel-linux-x86_64-fedora-clang, r-devel-linux-x86_64-fedora-gcc, r-release-macos-arm64, r-release-macos-x86_64, r-oldrel-macos-x86_64
Version: 0.1.1
Check: installed package size
Result: NOTE
installed size is 5.1Mb
sub-directories of 1Mb or more:
data 5.0Mb
Flavor: r-release-macos-arm64