CRAN Package Check Results for Package USAboundaries

Last updated on 2022-04-08 01:49:02 CEST.

Flavor Version Tinstall Tcheck Ttotal Status Flags
r-devel-linux-x86_64-debian-clang 0.4.0 2.11 41.13 43.24 NOTE
r-devel-linux-x86_64-debian-gcc 0.4.0 2.05 31.68 33.73 NOTE
r-devel-linux-x86_64-fedora-clang 0.4.0 58.12 NOTE
r-devel-linux-x86_64-fedora-gcc 0.4.0 39.37 NOTE
r-devel-windows-x86_64-new-UL 0.4.0 43.00 60.00 103.00 NOTE
r-patched-linux-x86_64 0.4.0 1.78 39.31 41.09 NOTE
r-release-linux-x86_64 0.4.0 1.63 37.91 39.54 NOTE
r-release-macos-arm64 0.4.0 NOTE
r-release-macos-x86_64 0.4.0 NOTE
r-release-windows-ix86+x86_64 0.4.0 6.00 47.00 53.00 NOTE
r-oldrel-macos-x86_64 0.4.0 NOTE
r-oldrel-windows-ix86+x86_64 0.4.0 6.00 45.00 51.00 NOTE

Check Details

Version: 0.4.0
Check: package dependencies
Result: NOTE
    Package suggested but not available for checking: 'USAboundariesData'
Flavors: r-devel-linux-x86_64-debian-clang, r-devel-linux-x86_64-debian-gcc, r-devel-linux-x86_64-fedora-clang, r-devel-linux-x86_64-fedora-gcc, r-devel-windows-x86_64-new-UL, r-patched-linux-x86_64, r-release-linux-x86_64, r-release-macos-arm64, r-release-macos-x86_64, r-release-windows-ix86+x86_64, r-oldrel-macos-x86_64, r-oldrel-windows-ix86+x86_64