Last updated on 2022-04-08 01:49:01 CEST.
Flavor | Version | Tinstall | Tcheck | Ttotal | Status | Flags |
---|---|---|---|---|---|---|
r-devel-linux-x86_64-debian-clang | 1.3-4 | 14.36 | 124.99 | 139.35 | OK | |
r-devel-linux-x86_64-debian-gcc | 1.3-4 | 10.69 | 93.82 | 104.51 | OK | |
r-devel-linux-x86_64-fedora-clang | 1.3-4 | 179.06 | NOTE | |||
r-devel-linux-x86_64-fedora-gcc | 1.3-4 | 150.64 | OK | |||
r-devel-windows-x86_64-new-UL | 1.3-4 | 22.00 | 147.00 | 169.00 | OK | |
r-patched-linux-x86_64 | 1.3-4 | 19.36 | 118.13 | 137.49 | OK | |
r-release-linux-x86_64 | 1.3-4 | 10.83 | 112.11 | 122.94 | OK | |
r-release-macos-arm64 | 1.3-4 | OK | ||||
r-release-macos-x86_64 | 1.3-4 | OK | ||||
r-release-windows-ix86+x86_64 | 1.3-4 | 27.00 | 129.00 | 156.00 | OK | |
r-oldrel-macos-x86_64 | 1.3-4 | OK | ||||
r-oldrel-windows-ix86+x86_64 | 1.3-4 | 27.00 | 130.00 | 157.00 | OK |
Version: 1.3-4
Check: Rd cross-references
Result: NOTE
Undeclared packages ‘multcomp’, ‘agricolae’ in Rd xrefs
Flavor: r-devel-linux-x86_64-fedora-clang