Last updated on 2022-04-08 01:49:01 CEST.
Flavor | Version | Tinstall | Tcheck | Ttotal | Status | Flags |
---|---|---|---|---|---|---|
r-devel-linux-x86_64-debian-clang | 1.4 | 6.51 | 45.61 | 52.12 | OK | |
r-devel-linux-x86_64-debian-gcc | 1.4 | 5.40 | 34.78 | 40.18 | OK | |
r-devel-linux-x86_64-fedora-clang | 1.4 | 68.79 | NOTE | |||
r-devel-linux-x86_64-fedora-gcc | 1.4 | 50.72 | NOTE | |||
r-devel-windows-x86_64-new-UL | 1.4 | 97.00 | 67.00 | 164.00 | OK | |
r-patched-linux-x86_64 | 1.4 | 8.69 | 44.19 | 52.88 | OK | |
r-release-linux-x86_64 | 1.4 | 6.94 | 43.20 | 50.14 | OK | |
r-release-macos-arm64 | 1.4 | OK | ||||
r-release-macos-x86_64 | 1.4 | OK | ||||
r-release-windows-ix86+x86_64 | 1.4 | 15.00 | 60.00 | 75.00 | OK | |
r-oldrel-macos-x86_64 | 1.4 | OK | ||||
r-oldrel-windows-ix86+x86_64 | 1.4 | 12.00 | 57.00 | 69.00 | OK |
Version: 1.4
Check: compiled code
Result: NOTE
File ‘TrialSize/libs/TrialSize.so’:
Found no calls to: ‘R_registerRoutines’, ‘R_useDynamicSymbols’
It is good practice to register native routines and to disable symbol
search.
See ‘Writing portable packages’ in the ‘Writing R Extensions’ manual.
Flavors: r-devel-linux-x86_64-fedora-clang, r-devel-linux-x86_64-fedora-gcc