Last updated on 2022-04-08 01:49:01 CEST.
Flavor | Version | Tinstall | Tcheck | Ttotal | Status | Flags |
---|---|---|---|---|---|---|
r-devel-linux-x86_64-debian-clang | 1.1.1 | 49.94 | 394.08 | 444.02 | OK | |
r-devel-linux-x86_64-debian-gcc | 1.1.1 | 45.73 | 287.64 | 333.37 | OK | |
r-devel-linux-x86_64-fedora-clang | 1.1.1 | 574.07 | OK | |||
r-devel-linux-x86_64-fedora-gcc | 1.1.1 | 517.48 | OK | |||
r-devel-windows-x86_64-new-UL | 1.1.1 | 183.00 | 410.00 | 593.00 | OK | |
r-patched-linux-x86_64 | 1.1.1 | 50.95 | 370.49 | 421.44 | OK | |
r-release-linux-x86_64 | 1.1.1 | 36.27 | 369.81 | 406.08 | OK | |
r-release-macos-arm64 | 1.1.1 | NOTE | ||||
r-release-macos-x86_64 | 1.1.1 | NOTE | ||||
r-release-windows-ix86+x86_64 | 1.1.1 | 122.00 | 583.00 | 705.00 | NOTE | |
r-oldrel-macos-x86_64 | 1.1.1 | NOTE | ||||
r-oldrel-windows-ix86+x86_64 | 1.1.1 | 121.00 | 592.00 | 713.00 | NOTE |
Version: 1.1.1
Check: installed package size
Result: NOTE
installed size is 5.2Mb
sub-directories of 1Mb or more:
datasets 1.6Mb
libs 1.4Mb
Flavors: r-release-macos-arm64, r-release-macos-x86_64, r-release-windows-ix86+x86_64, r-oldrel-macos-x86_64, r-oldrel-windows-ix86+x86_64