Last updated on 2022-04-08 01:49:01 CEST.
Flavor | Version | Tinstall | Tcheck | Ttotal | Status | Flags |
---|---|---|---|---|---|---|
r-devel-linux-x86_64-debian-clang | 1.4.7 | 47.70 | 87.54 | 135.24 | WARN | |
r-devel-linux-x86_64-debian-gcc | 1.4.7 | 41.85 | 65.33 | 107.18 | OK | |
r-devel-linux-x86_64-fedora-clang | 1.4.7 | 195.83 | WARN | |||
r-devel-linux-x86_64-fedora-gcc | 1.4.7 | 161.56 | OK | |||
r-devel-windows-x86_64-new-UL | 1.4.7 | 77.00 | 236.00 | 313.00 | OK | |
r-patched-linux-x86_64 | 1.4.7 | 39.79 | 83.67 | 123.46 | OK | |
r-release-linux-x86_64 | 1.4.7 | 44.59 | 83.56 | 128.15 | OK | |
r-release-macos-arm64 | 1.4.7 | OK | ||||
r-release-macos-x86_64 | 1.4.7 | OK | ||||
r-release-windows-ix86+x86_64 | 1.4.7 | 119.00 | 126.00 | 245.00 | OK | |
r-oldrel-macos-x86_64 | 1.4.7 | OK | ||||
r-oldrel-windows-ix86+x86_64 | 1.4.7 | 119.00 | 129.00 | 248.00 | OK |
Version: 1.4.7
Check: whether package can be installed
Result: WARN
Found the following significant warnings:
betaMPT.cpp:59:9: warning: use of bitwise '|' with boolean operands [-Wbitwise-instead-of-logical]
betaMPT.cpp:59:39: warning: use of bitwise '&' with boolean operands [-Wbitwise-instead-of-logical]
betaMPT.cpp:59:11: warning: use of bitwise '&' with boolean operands [-Wbitwise-instead-of-logical]
betaMPT.cpp:61:15: warning: use of bitwise '|' with boolean operands [-Wbitwise-instead-of-logical]
betaMPT.cpp:61:45: warning: use of bitwise '&' with boolean operands [-Wbitwise-instead-of-logical]
betaMPT.cpp:61:17: warning: use of bitwise '&' with boolean operands [-Wbitwise-instead-of-logical]
betaMPT.cpp:85:9: warning: use of bitwise '|' with boolean operands [-Wbitwise-instead-of-logical]
betaMPT.cpp:85:39: warning: use of bitwise '&' with boolean operands [-Wbitwise-instead-of-logical]
betaMPT.cpp:85:11: warning: use of bitwise '&' with boolean operands [-Wbitwise-instead-of-logical]
betaMPT.cpp:87:15: warning: use of bitwise '|' with boolean operands [-Wbitwise-instead-of-logical]
betaMPT.cpp:87:45: warning: use of bitwise '&' with boolean operands [-Wbitwise-instead-of-logical]
betaMPT.cpp:87:17: warning: use of bitwise '&' with boolean operands [-Wbitwise-instead-of-logical]
Flavors: r-devel-linux-x86_64-debian-clang, r-devel-linux-x86_64-fedora-clang