Last updated on 2022-04-08 01:49:01 CEST.
Flavor | Version | Tinstall | Tcheck | Ttotal | Status | Flags |
---|---|---|---|---|---|---|
r-devel-linux-x86_64-debian-clang | 0.1.0 | 9.83 | 92.77 | 102.60 | OK | |
r-devel-linux-x86_64-debian-gcc | 0.1.0 | 8.09 | 70.26 | 78.35 | OK | |
r-devel-linux-x86_64-fedora-clang | 0.1.0 | 133.12 | NOTE | |||
r-devel-linux-x86_64-fedora-gcc | 0.1.0 | 110.47 | NOTE | |||
r-devel-windows-x86_64-new-UL | 0.1.0 | 17.00 | 112.00 | 129.00 | OK | |
r-patched-linux-x86_64 | 0.1.0 | 9.42 | 89.66 | 99.08 | OK | |
r-release-linux-x86_64 | 0.1.0 | 8.77 | 82.31 | 91.08 | OK | |
r-release-macos-arm64 | 0.1.0 | NOTE | ||||
r-release-macos-x86_64 | 0.1.0 | NOTE | ||||
r-release-windows-ix86+x86_64 | 0.1.0 | 20.00 | 97.00 | 117.00 | OK | |
r-oldrel-macos-x86_64 | 0.1.0 | NOTE | ||||
r-oldrel-windows-ix86+x86_64 | 0.1.0 | 21.00 | 98.00 | 119.00 | OK |
Version: 0.1.0
Check: dependencies in R code
Result: NOTE
Namespace in Imports field not imported from: ‘Matrix’
All declared Imports should be used.
Flavors: r-devel-linux-x86_64-fedora-clang, r-devel-linux-x86_64-fedora-gcc, r-release-macos-arm64, r-release-macos-x86_64, r-oldrel-macos-x86_64