Last updated on 2022-04-08 01:49:00 CEST.
Flavor | Version | Tinstall | Tcheck | Ttotal | Status | Flags |
---|---|---|---|---|---|---|
r-devel-linux-x86_64-debian-clang | 1.1 | 2.34 | 40.50 | 42.84 | NOTE | |
r-devel-linux-x86_64-debian-gcc | 1.1 | 1.83 | 30.89 | 32.72 | NOTE | |
r-devel-linux-x86_64-fedora-clang | 1.1 | 54.04 | NOTE | |||
r-devel-linux-x86_64-fedora-gcc | 1.1 | 40.29 | NOTE | |||
r-devel-windows-x86_64-new-UL | 1.1 | 28.00 | 57.00 | 85.00 | NOTE | |
r-patched-linux-x86_64 | 1.1 | 2.45 | 38.41 | 40.86 | NOTE | |
r-release-linux-x86_64 | 1.1 | 2.68 | 37.97 | 40.65 | NOTE | |
r-release-macos-arm64 | 1.1 | NOTE | ||||
r-release-macos-x86_64 | 1.1 | NOTE | ||||
r-release-windows-ix86+x86_64 | 1.1 | 7.00 | 46.00 | 53.00 | NOTE | |
r-oldrel-macos-x86_64 | 1.1 | OK | ||||
r-oldrel-windows-ix86+x86_64 | 1.1 | 6.00 | 45.00 | 51.00 | OK |
Version: 1.1
Check: LazyData
Result: NOTE
'LazyData' is specified without a 'data' directory
Flavors: r-devel-linux-x86_64-debian-clang, r-devel-linux-x86_64-debian-gcc, r-devel-linux-x86_64-fedora-clang, r-devel-linux-x86_64-fedora-gcc, r-devel-windows-x86_64-new-UL, r-patched-linux-x86_64, r-release-linux-x86_64, r-release-macos-arm64, r-release-macos-x86_64, r-release-windows-ix86+x86_64