CRAN Package Check Results for Package TensorTest2D

Last updated on 2022-04-08 01:49:00 CEST.

Flavor Version Tinstall Tcheck Ttotal Status Flags
r-devel-linux-x86_64-debian-clang 1.1.1 9.52 81.96 91.48 OK
r-devel-linux-x86_64-debian-gcc 1.1.1 9.42 62.62 72.04 OK
r-devel-linux-x86_64-fedora-clang 1.1.1 117.69 NOTE
r-devel-linux-x86_64-fedora-gcc 1.1.1 100.21 NOTE
r-devel-windows-x86_64-new-UL 1.1.1 29.00 104.00 133.00 OK
r-patched-linux-x86_64 1.1.1 10.08 79.44 89.52 OK
r-release-linux-x86_64 1.1.1 10.17 78.37 88.54 OK
r-release-macos-arm64 1.1.1 NOTE
r-release-macos-x86_64 1.1.1 NOTE
r-release-windows-ix86+x86_64 1.1.1 17.00 92.00 109.00 OK
r-oldrel-macos-x86_64 1.1.1 NOTE
r-oldrel-windows-ix86+x86_64 1.1.1 16.00 89.00 105.00 OK

Check Details

Version: 1.1.1
Check: dependencies in R code
Result: NOTE
    Namespace in Imports field not imported from: ‘utils’
     All declared Imports should be used.
Flavors: r-devel-linux-x86_64-fedora-clang, r-devel-linux-x86_64-fedora-gcc, r-release-macos-arm64, r-release-macos-x86_64, r-oldrel-macos-x86_64