CRAN Package Check Results for Package TensorClustering

Last updated on 2022-04-08 01:49:00 CEST.

Flavor Version Tinstall Tcheck Ttotal Status Flags
r-devel-linux-x86_64-debian-clang 1.0.2 5.90 55.49 61.39 OK
r-devel-linux-x86_64-debian-gcc 1.0.2 5.26 41.63 46.89 OK
r-devel-linux-x86_64-fedora-clang 1.0.2 78.62 NOTE
r-devel-linux-x86_64-fedora-gcc 1.0.2 63.43 NOTE
r-devel-windows-x86_64-new-UL 1.0.2 34.00 79.00 113.00 OK
r-patched-linux-x86_64 1.0.2 5.93 53.69 59.62 OK
r-release-linux-x86_64 1.0.2 6.82 51.85 58.67 OK
r-release-macos-arm64 1.0.2 NOTE
r-release-macos-x86_64 1.0.2 NOTE
r-release-windows-ix86+x86_64 1.0.2 16.00 82.00 98.00 OK
r-oldrel-macos-x86_64 1.0.2 NOTE
r-oldrel-windows-ix86+x86_64 1.0.2 17.00 84.00 101.00 OK

Check Details

Version: 1.0.2
Check: dependencies in R code
Result: NOTE
    Namespace in Imports field not imported from: ‘Rcpp’
     All declared Imports should be used.
Flavors: r-devel-linux-x86_64-fedora-clang, r-devel-linux-x86_64-fedora-gcc, r-release-macos-arm64, r-release-macos-x86_64, r-oldrel-macos-x86_64